 -2 + 29301?
292bb
In base 4, what is -32112303 + -122?
-32113031
In base 7, what is 4 + 26002?
26006
In base 5, what is 23044 - 204?
22340
In base 13, what is 20 + 5c1?
611
In base 13, what is 3 + 1514?
1517
In base 3, what is 2021021000120 - 0?
2021021000120
In base 3, what is 200210 + 212121?
1120101
In base 16, what is 96 - 33?
63
In base 12, what is 498 - -81?
559
In base 3, what is 112022020 - 11?
112022002
In base 4, what is -22331 - 2000?
-30331
In base 11, what is 524972 - -2?
524974
In base 5, what is -334004310 - -3?
-334004302
In base 10, what is 0 - 34317?
-34317
In base 3, what is 2 - -2120012010?
2120012012
In base 14, what is 43d - 8b?
392
In base 3, what is 111 + 102121110?
102121221
In base 3, what is 12 + -10221122001?
-10221121212
In base 13, what is 155 - -426?
57b
In base 8, what is 2 + 235321?
235323
In base 4, what is -32121 + 1022032?
323311
In base 10, what is 5 + -7694?
-7689
In base 11, what is 4169 - -27?
4195
In base 4, what is 2 - -12220002?
12220010
In base 13, what is 3 - 3584a?
-35847
In base 16, what is -90bcf - 1?
-90bd0
In base 3, what is 1010012212112 - 11?
1010012212101
In base 11, what is 45187 - -2?
45189
In base 4, what is -1331 - 233?
-2230
In base 16, what is -12 + 2b5?
2a3
In base 7, what is -224 + -15146?
-15403
In base 8, what is 15570 + 1?
15571
In base 6, what is -3 - -10421434?
10421431
In base 5, what is -4343032113 + -4?
-4343032122
In base 12, what is -4 - -4b17?
4b13
In base 3, what is -10012011 + -1?
-10012012
In base 11, what is 28 - 125a?
-1232
In base 5, what is 10 - -2224101?
2224111
In base 12, what is 3397 - 1a1?
31b6
In base 16, what is 2e - d1?
-a3
In base 5, what is -43013 + 2?
-43011
In base 6, what is -100533 + 15?
-100514
In base 5, what is -3 - -240000?
234442
In base 3, what is -101101012012 + -11?
-101101012100
In base 8, what is -1 - -2230717?
2230716
In base 4, what is 301113 + -12?
301101
In base 15, what is -bb6e0 - -5?
-bb6da
In base 9, what is -202 + 323?
121
In base 14, what is -215 - -845?
630
In base 11, what is -3 - -15418?
15415
In base 3, what is -10 - -222011122?
222011112
In base 5, what is 434 + 433?
1422
In base 3, what is -10 + -22012120120?
-22012120200
In base 7, what is 30536 + -56?
30450
In base 14, what is -b + -2bdc?
-2c09
In base 12, what is -42032 + 1?
-42031
In base 3, what is 11 - -100022221121?
100022221202
In base 4, what is -1030101 + 0?
-1030101
In base 16, what is -5cb + 7?
-5c4
In base 16, what is -11 + 33a?
329
In base 9, what is -16556 - -61?
-16485
In base 8, what is -11 - 41245?
-41256
In base 14, what is -5 - 39563?
-39568
In base 12, what is 15953 - 8?
15947
In base 6, what is 121232 - 2?
121230
In base 8, what is -60073 + -22?
-60115
In base 2, what is -10010 + -101101010011?
-101101100101
In base 13, what is 4 - 1b9032?
-1b902b
In base 5, what is 14233 - -3014?
22302
In base 8, what is 7054 + 2?
7056
In base 15, what is 2a0 - d?
292
In base 7, what is 4133 + -24?
4106
In base 13, what is -5a8834 - -1?
-5a8833
In base 14, what is 1 + -c7b43?
-c7b42
In base 2, what is -11100110101 + -10011011?
-11111010000
In base 5, what is -2310432 - 1?
-2310433
In base 9, what is -8162 - -36?
-8125
In base 12, what is -a9b + 7?
-a94
In base 16, what is 14 + 61d7?
61eb
In base 7, what is 10114 + -352?
6432
In base 11, what is 4 - 917?
-913
In base 15, what is 774 + -64?
710
In base 13, what is 263 + 46c0?
4953
In base 16, what is -4 - -145a?
1456
In base 7, what is -3 + -422064?
-422100
In base 3, what is -210121200 + 2?
-210121121
In base 9, what is 205563 + 2?
205565
In base 16, what is 7f4802 + -2?
7f4800
In base 15, what is 1b - -290e?
292a
In base 10, what is -3656 - -2?
-3654
In base 5, what is -11 + 22440303?
22440242
In base 13, what is 8cbb - -3?
8cc1
In base 9, what is 10 + 2265?
2275
In base 16, what is -3 - -37c77?
37c74
In base 9, what is 3 + -11461?
-11457
In base 9, what is 1 + 116263?
116264
In base 11, what is 1677 + 38?
1704
In base 4, what is -113222021 + 0?
-113222021
In base 11, what is 51174 - 0?
51174
In base 3, what is -100200 + 1111101?
1010201
In base 14, what is 2 + 90b8?
90ba
In base 12, what is 12b8 + -32?
1286
In base 6, what is 4 - 522404?
-522400
In base 2, what is 101100110 - -11010111?
1000111101
In base 2, what is 1100 + -1010001100?
-1010000000
In base 2, what is 11100 + 10001111011?
10010010111
In base 10, what is 49362 - -6?
49368
In base 15, what is 3d5 - 257?
17d
In base 5, what is 2340434 - -123?
2341112
In base 10, what is 2 + 39547?
39549
In base 15, what is -4b - 167a?
-16c6
In base 13, what is 33 + 1a07?
1a3a
In base 10, what is -109 - 699?
-808
In base 2, what is 1111000 - 1111111?
-111
In base 7, what is 105 + 623?
1031
In base 6, what is 2452441 + 15?
2452500
In base 4, what is 22301 + -22?
22213
In base 5, what is 3134403 - 122?
3134231
In base 2, what is -1010101000001000 - -11000?
-1010100111110000
In base 4, what is -2 + 330120312?
330120310
In base 9, what is -177 + -1370?
-1557
In base 8, what is 5 + -114364?
-114357
In base 7, what is 34335 + 161?
34526
In base 5, what is -133113 - -4?
-133104
In base 8, what is 17337 - 211?
17126
In base 2, what is -1 - -110000011?
110000010
In base 12, what is -6804 + 3?
-6801
In base 4, what is 2203012 + 11?
2203023
In base 12, what is 5565 + 5?
556a
In base 10, what is -1 + -231299?
-231300
In base 15, what is 1631b5 - 5?
1631b0
In base 4, what is -2022023 + -110?
-2022133
In base 6, what is -55530 + 5?
-55521
In base 7, what is -123532 - -4?
-123525
In base 14, what is 0 - 1897a?
-1897a
In base 14, what is 2a - 1946?
-191a
In base 14, what is 2 - -11a775?
11a777
In base 15, what is -42 - -5eb4?
5e72
In base 14, what is 5 + -5886?
-5881
In base 9, what is 28023 - 21?
28002
In base 12, what is 230471 + 5?
230476
In base 15, what is c - -428c?
4299
In base 8, what is 7340 - -6?
7346
In base 16, what is 31 + -5bf?
-58e
In base 6, what is 15 + -3233230?
-3233211
In base 15, what is 1 + -a9a8?
-a9a7
In base 10, what is 44 - -7332?
7376
In base 8, what is 12 - -44731?
44743
In base 9, what is 16231 + 62?
16303
In base 7, what is 24553 + 1?
24554
In base 14, what is 11a0 - 126?
1078
In base 15, what is 54828 + -3?
54825
In base 11, what is -1a68 - -183?
-1895
In base 6, what is 203311 - -142?
203453
In base 5, what is 10 - 3123042?
-3123032
In base 6, what is -131511 + 40?
-131431
In base 11, what is aa1a - -43?
aa62
In base 3, what is 1000 + -110211012?
-110210012
In base 12, what is -b5 - -656?
561
In base 16, what is 393a - 1?
3939
In base 8, what is 5 + -3256556?
-3256551
In base 13, what is -8bc8c + -3?
-8bc92
In base 8, what is -4122725 - -2?
-4122723
In base 15, what is 4 - 9b4a?
-9b46
In base 2, what is 10 - 1000101011101?
-1000101011011
In base 5, what is 1422 - 303?
1114
In base 3, what is 201222 + 2200111?
10102110
In base 10, what is -4 + -18572?
-18576
In base 8, what is 35674 - -124?
36020
In base 12, what is -17 + -125a?
-1275
In base 8, what is -2017303 + -4?
-2017307
In base 13, what is 14558 - -4?
1455c
In base 13, what is 11543 + -7?
11539
In base 12, what is 1184 + -81?
1103
In base 4, what is -11 + -322323131?
-322323202
In base 4, what is -1203011 - -103?
-1202302
In base 13, what is -1 - -28759?
28758
In base 16, what is 2 + 5e1ae?
5e1b0
In base 6, what is -13400 - 2?
-13402
In base 8, what is -375652 - 3?
-375655
In base 14, what is -2 + 11658?
11656
In base 16, what is -e47f9 + -5?
-e47fe
In base 3, what is 1012211121202 + -12?
1012211121120
In base 11, what is -3177 + 9?
-3169
In base 2, what is -10 - 100000010011100110?
-100000010011101000
In base 12, what is 4 + 27950?
27954
In base 12, what is -918 + -9?
-925
In base 6, what is -4 + 230541?
230533
In base 16, what is 2 + -10f40?
-10f3e
In base 4, what is -1310 - 10133202?
-10201112
In base 4, what is 213 + -110311?
-110032
In base 15, what is -1c1 - 334?
-505
In base 3, what is -1021102102 + 10?
-1021102022
In base 7, what is -5 + 31112?
31104
In base 13, what is -2 + 23043?
23041
In base 4, what is -321 + 2210?
1223
In base 4, what is 0 - 1003010?
-1003010
In base 14, what is 1356a + 10?
1357a
In base 15, what is 2 + 5ce1?
5ce3
In base 14, what is 1 + 548aa?
548ab
In base 12, what is -24 - 142a?
-1452
In base 10, what is -11 - -140260?
140249
In base 3, what is -1002120021 + 21?
-10